on factor of k and 42.
6
Let o = -7 - -11. Suppose 6*g = 2*g - c + 16, -16 = -4*g - 2*c. What is the greatest common divisor of o and g?
4
Suppose w + 3*w = 3*k - 41, -3*k - 5*w = 4. What is the greatest common divisor of 7 and k?
7
Suppose 0*z = -2*z. Suppose z = 2*t - 0*t - 108. Let o = 10 + 26. Calculate the highest common divisor of t and o.
18
Let b(a) = a**3 - 4*a**2 - 7*a - 1. Let n be b(6). Let s = 301 + -156. Calculate the highest common divisor of n and s.
29
Suppose 5*w - 2775 = -0*w. Suppose -y = -0*y + 5*o - 115, -5*y - 5*o = -w. Suppose 1 = -4*q + 41. What is the highest common divisor of y and q?
10
Suppose 433 = 10*q + 103. Calculate the highest common divisor of 363 and q.
33
Let w be 5/(-2) + (-2)/4. Let a = w + 10. Calculate the highest common divisor of a and 77.
7
Suppose 0 = -c + 45 + 35. Let t(k) = k**3 + 8*k**2 + 4*k - 5. Let l be t(-7). What is the highest common divisor of l and c?
16
Suppose -2*q - v + 20 = -3*v, v - 26 = -3*q. What is the highest common factor of q and 12?
3
Let i(c) = -8*c - 20. Let s be i(-7). Calculate the highest common factor of 24 and s.
12
Let x(p) = p**2 - 8*p + 16. Let v be x(11). Let h be (0 - (8 - 1))*-1. Calculate the highest common factor of h and v.
7
Let r = 26 - 15. Let t = r + 13. Calculate the greatest common factor of 8 and t.
8
Let r be 10/(-55) - 497/(-11). Let a be (6/(-9))/((-6)/r). What is the greatest common divisor of 5 and a?
5
Let h(t) = 2*t - 5. Let p be h(4). Let r = p - -3. Let l(s) = 3*s**3 - s**2 - s - 3. Let w be l(3). What is the highest common divisor of w and r?
6
Let l be 2/5 + -14*49/(-10). What is the greatest common factor of 46 and l?
23
Let o = 0 - -2. Suppose 5*b - o*b - 3 = 0. Calculate the highest common factor of 8 and b.
1
Suppose -3 = -5*k - 2*u + 14, 5*k - 2*u - 33 = 0. Suppose 0 = -4*y + 5*l + 469, 0 = -y + k*y + 3*l - 461. What is the highest common divisor of y and 29?
29
Let k be -56*(3/1 - 5). Calculate the greatest common divisor of 28 and k.
28
Let l(c) = 5*c + 62. Let b be l(-5). What is the highest common factor of b and 185?
37
Let s(w) = 2*w**3 - 3*w**2 + 2*w - 2. Let p be s(2). Calculate the highest common divisor of p and 12.
6
Let h(z) = -4*z - 7. Let t be h(-7). Suppose y + 0*y = 0, 3*f - 9 = -3*y. Let r be 2*(t/f - 0). Calculate the highest common factor of r and 7.
7
Let v = 64 - 131. Let n = -41 - v. Calculate the greatest common factor of n and 39.
13
Let y(s) = -s + 3. Let a be y(-6). What is the greatest common factor of 81 and a?
9
Let w(t) = t - 3. Let r = -1 + 6. Let v be w(r). Suppose v*i + 24 = 4*s, 0 = 5*s - 4*i - i - 30. Calculate the greatest common divisor of s and 30.
6
Let c = -6 - -9. Suppose c*k - 179 = -17. Calculate the greatest common factor of k and 6.
6
Let b be (0 + 1)/((-1)/(-2)). Let x be 1/3 - 14/42. Suppose 0 = -s - x*s + 5. Calculate the highest common divisor of s and b.
1
Let z(n) be the second derivative of -n**5/20 - 5*n**4/12 + 4*n**3/3 - 11*n**2/2 + n. Let f be z(-8). What is the highest common factor of f and 13?
13
Let b = 102 - 0. Let j = 235 - b. Calculate the highest common divisor of 19 and j.
19
Let q(z) be the first derivative of z**4/4 + 8*z**3/3 + 3*z**2/2 + 3*z + 5. Let c = -9 + 6. Let d be q(c). Calculate the highest common factor of d and 26.
13
Let l(r) = -r**2 + r + 3. Let j be l(-4). Let b = 37 + j. Let u(o) = -o + 1. Let p be u(-4). Calculate the highest common divisor of p and b.
5
Suppose 8*v = 4*v + 60. Suppose 30*z - 105 = 29*z. What is the highest common factor of v and z?
15
Let k be (2 + -4)/((-2)/17). Calculate the greatest common factor of k and 34.
17
Suppose -85 = -5*y - 30. Calculate the highest common factor of y and 11.
11
Let f(t) = -5*t + 6. Let j be f(4). Let s = j - -24. Let p = s + -8. What is the highest common divisor of p and 3?
1
Let c(m) = m. Let o(d) = -8*d - 2. Let n(l) = -6*c(l) - o(l). Let v be n(-3). Let q = v + 6. Calculate the greatest common factor of 4 and q.
2
Suppose 6*x - 28 = 2*x. Suppose -z = -2*z + x. Let s(j) = j**3 + 9*j**2 + 5*j - 3. Let b be s(-8). What is the highest common divisor of b and z?
7
Let n = -205 + 335. Let v be (n/(-6))/((-1)/3). Calculate the greatest common divisor of v and 13.
13
Let x = 217 + -137. What is the highest common divisor of x and 8?
8
Let v(a) = -a**2 + 15*a + 6. Let y be v(14). Let j = 29 - y. What is the highest common divisor of 18 and j?
9
Suppose 54 = -9*l + 12*l. Calculate the highest common factor of 9 and l.
9
Let r(m) = -m**2 - 7*m - 9. Let a be r(-7). Let z be -156*(0 - (-6)/a). What is the greatest common factor of z and 13?
13
Let g be 4/10 - ((-86)/10 - -5). Calculate the highest common factor of 6 and g.
2
Let t be 26/(-7) + 4/(-14). Let o be 84/16 + 1/t. What is the greatest common divisor of 1 and o?
1
Let m(j) = 4*j - 6. Let h be m(4). Suppose 0*s + 6 = -s + 3*w, -4*w = -3*s + 2. Let k = 11 - s. What is the greatest common factor of h and k?
5
Suppose 135 = -g + 6*g. Suppose -2*k - 5 + g = 0. Let j = k - -4. Calculate the highest common divisor of 15 and j.
15
Let a(s) = -2*s**3 + s**2 + 2*s - 1. Let f be a(-3). Let d = 285 + -145. Calculate the highest common divisor of f and d.
28
Suppose 30 = f - 6. Suppose -4*m + 11 = 3. Let y be (-9)/(m + (-19)/8). Calculate the greatest common divisor of f and y.
12
Let s(l) = l**3 + 9*l**2 - 10. Let b be s(-8). What is the highest common factor of b and 6?
6
Suppose 0 = -2*i - 5 - 3, i = 4*g - 88. Calculate the highest common factor of g and 6.
3
Let f be (396/(-24))/((-3)/8). Calculate the greatest common factor of f and 11.
11
Let k(a) = -a**3 + 5*a**2 - a - 2. Let n = 8 - 4. Let g be k(n). What is the greatest common divisor of 20 and g?
10
Suppose 5*v - v - 40 = 0. Let w = 83 + -58. Calculate the greatest common divisor of v and w.
5
Let k = 9 - 2. Calculate the highest common divisor of k and 56.
7
Suppose -3*d + d = -418. Suppose -4*a = 5*b - d, -3*b + 2*a = a - 139. What is the greatest common factor of 5 and b?
5
Suppose 0 = 5*r + 15 - 65. What is the greatest common divisor of 20 and r?
10
Let x = -4 + 31. What is the greatest common divisor of 27 and x?
27
Let f(n) = -4*n + 23*n**2 + 3*n + 9*n**2 + 18*n**2. Let j be f(2). Calculate the highest common divisor of 22 and j.
22
Let w = 84 + -34. Calculate the greatest common divisor of 2 and w.
2
Let f be 33 - ((-4)/2 + 2). What is the greatest common divisor of 3 and f?
3
Let i be (-2)/3 + 4/(-3). Let p(u) = -5*u - 2. Let r be p(i). Let v(l) = l**2 + 2*l + 5. Let h be v(-7). Calculate the greatest common factor of r and h.
8
Let w = -4 + 22. Suppose b + 35 = 2*z - 55, -b = 0. What is the greatest common factor of w and z?
9
Suppose 1 = -3*g + 4. Let m = 51 + -45. Calculate the highest common divisor of g and m.
1
Let l be (11/((-33)/(-54)))/1. Suppose -2*d + 3*d - 6 = 0. What is the highest common divisor of d and l?
6
Suppose -4 + 54 = 5*m. Calculate the highest common divisor of m and 4.
2
Let s = -9 + 12. Let p be (-8)/((-31)/(-11) - s). Let c be p/(-10)*150/(-5). Calculate the greatest common factor of 12 and c.
12
Let v = 28 - -28. Suppose 3*x - 6 - 15 = 0. What is the greatest common divisor of v and x?
7
Let y be 2/(1/2*2). Suppose o - 2*w = 13, 0*w - 20 = -y*o + 2*w. Let l be -1*4/(2 - 6). Calculate the highest common divisor of o and l.
1
Let j(o) = 5 + 2*o**3 + 6*o**2 + 6*o - 3 - o**3. Let r be j(-5). Let f be r/(-6)*0 - -1. Calculate the highest common divisor of f and 3.
1
Let d be 284/14 + (-4)/14. Let k(j) = -13*j - 6. Let l be k(-4). Suppose d = 4*n, a + n - 31 = l. What is the greatest common factor of a and 8?
8
Let q = 3 - 0. Suppose j = -5*x - 36, 0 = q*j + x - 4*x + 54. Let c be 4/14 + (-4383)/j. What is the greatest common factor of 19 and c?
19
Let f = -103 + 257. What is the greatest common factor of f and 11?
11
Suppose -1 = -5*x + 104. What is the greatest common factor of x and 231?
21
Let q be ((-10)/(-6))/((-2)/(-48)). Let g(s) = -49*s + 2. Let c be g(-2). Calculate the greatest common factor of q and c.
20
Let g(r) = -r**3 + 3*r**2 + 5*r - 3. Let c be g(4). What is the highest common divisor of 9 and c?
1
Suppose 0 = 4*j - 192 - 24. What is the highest common divisor of 18 and j?
18
Suppose -4*c + 13 = -3*x, -c - c + 4*x = -4. Calculate the highest common divisor o